 composite?
False
Is 31363502101 a composite number?
False
Is 3336931811 composite?
False
Is 12402174467 prime?
True
Is 71443057667 prime?
False
Is 44828875211 a prime number?
False
Is 232645151 a composite number?
False
Is 4005988643 a prime number?
False
Is 17622329629 a prime number?
True
Is 294372293 a prime number?
True
Is 1952212303 composite?
True
Is 4088768639 a composite number?
False
Is 586341439 a composite number?
False
Is 1154708293 a composite number?
True
Is 1012814771 composite?
False
Is 122481449 a composite number?
False
Is 157158906907 a prime number?
True
Is 151841593 composite?
True
Is 202626577 a prime number?
False
Is 197072633 a prime number?
True
Is 415000571 prime?
False
Is 5923732333 composite?
False
Is 3527041055 prime?
False
Is 287196253 a composite number?
True
Is 41994779243 a composite number?
False
Is 1867431289 composite?
True
Is 33058536649 composite?
False
Is 20257724941 a composite number?
False
Is 1400556241 a prime number?
False
Is 4329527641 a prime number?
True
Is 1657333981 a prime number?
True
Is 24866466271 composite?
False
Is 1741024633 composite?
True
Is 12331580243 prime?
True
Is 625911047 prime?
True
Is 4446891962 prime?
False
Is 32548985377 composite?
True
Is 230207647 a prime number?
False
Is 93376501 composite?
False
Is 402155389 a composite number?
True
Is 1805217311 composite?
False
Is 1864330373 composite?
True
Is 11892807293 composite?
False
Is 889460849 composite?
False
Is 1618358981 a composite number?
True
Is 5244008587 prime?
True
Is 932120561 a composite number?
False
Is 18547949993 a prime number?
True
Is 385907966995 composite?
True
Is 1684361269 composite?
False
Is 40499807 a composite number?
True
Is 1430163767 prime?
True
Is 1399562987 composite?
True
Is 316020007 prime?
False
Is 39176183393 a prime number?
True
Is 572752685 a prime number?
False
Is 11961419329 a composite number?
False
Is 23374817 a prime number?
True
Is 47921230139 a prime number?
True
Is 71190461 composite?
False
Is 15418173989 a prime number?
False
Is 44167283539 prime?
False
Is 1951358117 a composite number?
False
Is 15508833533 prime?
True
Is 233148689 a prime number?
True
Is 206826847 composite?
True
Is 74097199139 prime?
True
Is 15178576409 prime?
True
Is 428502617 composite?
False
Is 45437144491 a composite number?
False
Is 796190761 a prime number?
True
Is 30596020267 prime?
True
Is 23367750755 composite?
True
Is 57575074705 a prime number?
False
Is 27901593637 prime?
False
Is 9494230721 composite?
False
Is 413871439 a prime number?
True
Is 5100848141 a composite number?
False
Is 20980485367 a composite number?
True
Is 19015103155 a prime number?
False
Is 1600431331 prime?
True
Is 458345561 a composite number?
True
Is 123714719 a composite number?
True
Is 2169387059 composite?
True
Is 68192896147 prime?
True
Is 167705634911 a composite number?
False
Is 920673133 a prime number?
False
Is 29138056463 a composite number?
False
Is 6183895273 composite?
False
Is 3315653623 prime?
False
Is 3123000191 a prime number?
False
Is 46268136929 prime?
False
Is 42331393189 a composite number?
False
Is 41326027381 prime?
False
Is 3940565099 a composite number?
True
Is 11345779999 composite?
False
Is 155369113 composite?
True
Is 78568457281 a prime number?
True
Is 44617287371 prime?
True
Is 2665398133 prime?
True
Is 739181657 prime?
True
Is 22401766589 a composite number?
False
Is 4179258301 a composite number?
False
Is 11631902339 prime?
True
Is 24756428773 a composite number?
False
Is 1663966793 a composite number?
True
Is 874204891 composite?
True
Is 755978147 a prime number?
False
Is 486995779 a composite number?
True
Is 891232369 a prime number?
True
Is 983514673 a prime number?
True
Is 217351207 a prime number?
False
Is 308170682 a prime number?
False
Is 8083191517 a prime number?
False
Is 1446816993 prime?
False
Is 32409331 a composite number?
True
Is 5191512641 prime?
False
Is 1675840411 composite?
True
Is 332539513 prime?
True
Is 81047647 prime?
False
Is 75683314093 a composite number?
False
Is 23219409413 a composite number?
False
Is 1283522297 a composite number?
False
Is 714948979 composite?
False
Is 40731581807 a prime number?
False
Is 192751883953 a prime number?
False
Is 170754827 composite?
True
Is 4380515935 prime?
False
Is 7187877569 composite?
True
Is 14509656589 a composite number?
False
Is 688741 composite?
False
Is 345428971 composite?
True
Is 867265999 prime?
False
Is 1951730233 composite?
True
Is 2818279127 composite?
False
Is 10078764431 prime?
True
Is 2403296747 composite?
True
Is 9974997683 a composite number?
True
Is 130361233657 a prime number?
True
Is 41347179283 composite?
True
Is 1822378661 prime?
False
Is 57734093933 a composite number?
False
Is 1074691609 composite?
False
Is 3316284047 a composite number?
True
Is 3734887721 prime?
False
Is 1472631169 a composite number?
True
Is 50425867079 prime?
False
Is 25128611 a prime number?
True
Is 16799254369 a prime number?
True
Is 389101357 a composite number?
True
Is 64542326777 prime?
True
Is 57937572989 a prime number?
True
Is 116360149 composite?
False
Is 11398699889 composite?
False
Is 5205126233 a prime number?
True
Is 41327734901 prime?
True
Is 1291941851 a prime number?
False
Is 7490005561 a composite number?
True
Is 28675027603 composite?
True
Is 929742433 a composite number?
False
Is 460222109 a prime number?
True
Is 47466851573 composite?
True
Is 453248597 prime?
True
Is 4487246501 a composite number?
False
Is 4330211909 a prime number?
False
Is 1804509934 prime?
False
Is 55872601 a composite number?
True
Is 723185627 composite?
True
Is 54619497877 a composite number?
True
Is 1117246638895 a prime number?
False
Is 3425076541 prime?
True
Is 1204932577 prime?
True
Is 37816329893 a prime number?
True
Is 4541412739 composite?
True
Is 3502520597 prime?
True
Is 1783672369 a prime number?
False
Is 83364209 a composite number?
True
Is 1940379583 composite?
True
Is 53190987389 composite?
False
Is 709050487 prime?
False
Is 1718388383 composite?
True
Is 764790454 a prime number?
False
Is 1363265831 a composite number?
True
Is 2122693501 a composite number?
False
Is 45108124697 prime?
True
Is 341775229 composite?
False
Is 14866729291 prime?
True
Is 1567263949 composite?
True
Is 109099699 prime?
True
Is 205438801 a composite number?
True
Is 3085000691 a prime number?
True
Is 315428342011 a composite number?
True
Is 156254491 a composite number?
False
Is 10446823451 prime?
True
Is 5350318201 a prime number?
True
Is 53934583 composite?
False
Is 5276665151 composite?
False
Is 6305973538 a prime number?
False
Is 20388307 composite?
False
Is 1725197407 a prime number?
True
Is 2179342903 a composite number?
False
Is 111992324641 composite?
False
Is 21544073263 a composite number?
False
Is 22480580657 a composite number?
True
Is 6158476993 a composite number?
True
Is 1342778131 a prime number?
True
Is 150811159 a composite number?
False
Is 1059964891 a prime number?
False
Is 7717378387 a prime number?
False
Is 10228177093 a prime number?
True
Is 34227804173 a composite number?
False
Is 5345305003 composite?
True
Is 62274952811 a prime number?
False
Is 5168938939 prime?
False
Is 7252577029 prime?
True
Is 7781732129 a composite number?
False
Is 9037714957 a prime number?
True
Is 2220499739 a composite number?
False
Is 2404347073 a composite number?
True
Is 1065232151 composite?
False
Is 3256899439 a prime number?
False
Is 142951357961 composite?
False
Is 75055177 a composite number?
True
Is 443664931 composite?
False
Is 1225529255 a composite number?
True
Is 3825381731 a composite number?
False
Is 9275940127 a prime number?
False
Is 23554676947 prime?
False
Is 4818658037 a prime number?
False
Is 7914125417 prime?
False
Is 4694370443 prime?
False
Is 257082139 a prime number?
False
Is 11838431551 composite?
True
Is 11194048703 a composite number?
True
Is 7332695971 prime?
True
Is 3293126017 prime?
False
Is 3869966539 composite?
True
Is 19580061269 composite?
False
Is 306899561 composite?
True
Is 2304698941 a composite number?
False
Is 52268110919 prime?
True
Is 15175910707 prime?
True
Is 853485011 a prime number?
True
Is 3084719611 a prime number?
True
Is 355144039 composite?
False
Is 148705199486 composite?
True
Is 2164256989 a composite number?
True
